16) to base 2.
10000010
What is -202 (base 5) in base 3?
-1221
-162 (base 12) to base 3
-22002
What is -19 (base 14) in base 11?
-21
What is -1d (base 16) in base 2?
-11101
What is 11 (base 16) in base 5?
32
What is -2 (base 3) in base 14?
-2
-4 (base 5) to base 11
-4
2 (base 7) to base 13
2
What is -22 (base 6) in base 2?
-1110
What is -89 (base 10) in base 11?
-81
Convert -34 (base 7) to base 4.
-121
-8 (base 9) to base 3
-22
-1 (base 15) to base 13
-1
What is 1010100 (base 2) in base 3?
10010
Convert -1b (base 16) to base 14.
-1d
What is -1 (base 2) in base 12?
-1
Convert -18 (base 10) to base 13.
-15
Convert -6 (base 10) to base 11.
-6
What is -41 (base 6) in base 4?
-121
What is 3 (base 7) in base 2?
11
What is 6 (base 15) in base 11?
6
What is 104 (base 5) in base 3?
1002
6 (base 15) to base 3
20
Convert 2a (base 12) to base 9.
37
What is -315 (base 7) in base 12?
-113
d (base 14) to base 5
23
77 (base 13) to base 7
200
What is -31 (base 6) in base 13?
-16
Convert -3 (base 15) to base 11.
-3
What is 132 (base 7) in base 9?
80
What is -9a (base 14) in base 6?
-344
Convert -42 (base 8) to base 11.
-31
0 (base 14) to base 3
0
Convert 25 (base 12) to base 13.
23
Convert -101111 (base 2) to base 9.
-52
-11 (base 3) to base 16
-4
-6 (base 12) to base 10
-6
What is -102 (base 4) in base 9?
-20
What is 12 (base 10) in base 12?
10
Convert -31 (base 4) to base 3.
-111
-1 (base 14) to base 11
-1
Convert 4 (base 15) to base 11.
4
What is 21 (base 6) in base 4?
31
1 (base 12) to base 2
1
6 (base 16) to base 4
12
-137 (base 10) to base 6
-345
What is 0 (base 9) in base 14?
0
What is -4 (base 16) in base 8?
-4
30 (base 7) to base 13
18
-31 (base 5) to base 2
-10000
Convert -222 (base 3) to base 5.
-101
Convert 23 (base 5) to base 11.
12
-4a (base 15) to base 3
-2121
-18 (base 11) to base 15
-14
-23 (base 5) to base 10
-13
Convert -21 (base 10) to base 5.
-41
Convert 4 (base 15) to base 2.
100
Convert 112 (base 9) to base 14.
68
31 (base 14) to base 6
111
What is -23 (base 7) in base 14?
-13
1 (base 3) to base 16
1
-13 (base 9) to base 13
-c
Convert -2222 (base 4) to base 3.
-20022
-2 (base 4) to base 9
-2
Convert 4 (base 13) to base 6.
4
Convert -164 (base 11) to base 2.
-10111111
-3 (base 16) to base 12
-3
Convert 2101 (base 3) to base 14.
48
What is -1 (base 2) in base 8?
-1
10 (base 7) to base 10
7
What is 3 (base 5) in base 11?
3
Convert -c (base 15) to base 13.
-c
Convert 2 (base 7) to base 15.
2
Convert 114 (base 12) to base 8.
240
What is -2 (base 12) in base 14?
-2
9 (base 10) to base 7
12
Convert 10001 (base 2) to base 7.
23
What is -5c (base 16) in base 6?
-232
Convert -34 (base 15) to base 6.
-121
-1a (base 11) to base 8
-25
-2 (base 4) to base 10
-2
112 (base 7) to base 16
3a
Convert -10 (base 10) to base 7.
-13
Convert -1 (base 16) to base 5.
-1
Convert -7 (base 8) to base 2.
-111
258 (base 11) to base 8
461
28 (base 9) to base 12
22
What is -2 (base 15) in base 2?
-10
-101111 (base 2) to base 11
-43
What is 9b (base 13) in base 8?
200
Convert -17 (base 8) to base 12.
-13
Convert -52 (base 8) to base 15.
-2c
What is -2c (base 14) in base 9?
-44
Convert -54 (base 6) to base 12.
-2a
233 (base 7) to base 10
122
Convert 4 (base 13) to base 2.
100
Convert -10 (base 2) to base 16.
-2
What is -200 (base 4) in base 7?
-44
What is -10 (base 4) in base 15?
-4
5 (base 11) to base 8
5
What is -99 (base 11) in base 16?
-6c
-33 (base 6) to base 3
-210
What is -15 (base 10) in base 11?
-14
What is 2 (base 11) in base 12?
2
-2 (base 12) to base 8
-2
Convert -101 (base 2) to base 15.
-5
What is -4 (base 11) in base 13?
-4
Convert 3 (base 10) to base 7.
3
2 (base 14) to base 11
2
Convert 9 (base 11) to base 14.
9
Convert -4 (base 16) to base 15.
-4
Convert -3 (base 11) to base 14.
-3
What is 5 (base 14) in base 12?
5
What is 2 (base 6) in base 2?
10
Convert -20 (base 3) to base 14.
-6
2 (base 3) to base 11
2
Convert 302 (base 9) to base 8.
365
What is 128 (base 14) in base 2?
11101000
What is 1134 (base 5) in base 11?
144
0 (base 14) to base 11
0
166 (base 12) to base 3
22020
26 (base 11) to base 2
11100
What is -3 (base 6) in base 11?
-3
2 (base 16) to base 6
2
What is -32 (base 5) in base 10?
-17
Convert -3 (base 7) to base 12.
-3
Convert 3 (base 13) to base 6.
3
1 (base 16) to base 15
1
Convert -233 (base 5) to base 10.
-68
What is -4 (base 9) in base 7?
-4
-8d (base 14) to base 16
-7d
What is 10010100 (base 2) in base 7?
301
Convert 45 (base 7) to base 5.
113
-11 (base 5) to base 9
-6
Convert 14 (base 9) to base 11.
12
-31 (base 11) to base 13
-28
What is 3 (base 11) in base 8?
3
a1 (base 12) to base 14
89
What is 10 (base 3) in base 9?
3
Convert -3 (base 16) to base 10.
-3
What is -2130 (base 4) in base 8?
-234
What is -1 (base 12) in base 8?
-1
Convert 1 (base 13) to base 4.
1
What is -d (base 15) in base 3?
-111
What is -1 (base 4) in base 8?
-1
Convert 365 (base 9) to base 4.
10232
What is 4 (base 12) in base 5?
4
What is 94 (base 13) in base 4?
1321
324 (base 6) to base 11
103
Convert -10 (base 16) to base 9.
-17
What is 3 (base 14) in base 6?
3
What is -2 (base 9) in base 8?
-2
401 (base 5) to base 14
73
Convert -1100111 (base 2) to base 3.
-10211
Convert -4 (base 7) to base 15.
-4
What is -53 (base 8) in base 5?
-133
-1 (base 12) to base 4
-1
What is -16 (base 7) in base 9?
-14
What is -205 (base 7) in base 11?
-94
c (base 13) to base 15
c
Convert 38 (base 11) to base 12.
35
Convert -121 (base 3) to base 6.
-24
-5 (base 13) to base 5
-10
-158 (base 11) to base 16
-b8
What is 4 (base 8) in base 16?
4
What is 2 (base 15) in base 4?
2
Convert 1 (base 11) to base 13.
1
-a (base 12) to base 3
-101
What is 2 (base 11) in base 14?
2
What is -2 (base 7) in base 12?
-2
What is 4 (base 7) in base 10?
4
2 (base 12) to base 13
2
Convert 0 (base 7) to base 5.
0
Convert 1001111 (base 2) to base 16.
4f
221 (base 4) to base 8
51
-10 (base 9) to base 10
-9
11 (base 2) to base 5
3
Convert -101 (base 3) to base 8.
-12
What is 1 (base 16) in base 4?
1
-41 (base 14) to base 15
-3c
6 (base 7) to base 8
6
4 (base 6) to base 7
4
Convert 12 (base 9) to base 2.
1011
What is -3 (base 15) in base 8?
-3
Convert 31 (base 10) to base 2.
11111
29 (base 14) to base 7
52
What is 20 (base 5) in base 12?
a
Convert -38 (base 15) to base 6.
-125
-111110 (base 2) to base 12
-52
Convert -441 (base 5) to base 11.
-100
Convert -60 (base 9) to base 14.
-3c
Convert 9 (base 11) to base 6.
13
Convert 130 (base 6) to base 13.
42
Convert -72 (base 13) to base 11.
-85
Convert -14 (base 15) to base 3.
-201
Convert -21 (base 5) to base 8.
-13
Convert -5 (base 15) to base 7.
-5
What is 110 (base 3) in base 9?
13
What is 10131 (base 4) in base 7?
555
Convert -c1 (base 13) to base 3.
-12211
What is 56 (base 8) in base 3?
1201
Convert -1 (base 14) to base 9.
-1
-a (base 14) to base 9
-11
What is 122 (base 5) in base 8?
45
What is 2 (base 6) in base 3?
2
Convert -115 (base 6) to base 4.
-233
Convert 1 (base 8) to base 7.
1
What is 2 (base 6) in base 2?
10
-1 (base 14) to base 9
-1
What is 78 (base 11) in base 4?
1111
Convert -7 (base 14) to base 11.
-7
110 (base 3) to base 15
c
What is -3 (base 10) in base 6?
-3
Convert -603 (base 7) to base 2.
-100101001
-30 (base 5) to base 11
-14
-103 (base 7) to base 14
-3a
3 (base 14) to base 6
3
Convert -9 (base 16) to base 10.
-9
-4 (base 13) to base 2
-100
-3 (base 10) to base 8
-3
-27 (base 12) to base 7
-43
Convert 61 (base 10) to base 15.
41
What is 11 (base 5) in base 13?
6
-1 (base 7) to base 4
-1
What is 6 (base 7) in base 3?
20
117 (base 16) to base 10
279
Convert 2 (base 6) to base 12.
2
What is -105 (base 10) in base 14?
-77
-9 (base 10) to base 4
-21
What is -11 (base 3) in base 6?
-4
Convert -3 (base 5) to base 2.
-11
Convert 3 (base 11) to base 5.
3
Convert 0 (base 16) to base 8.
0
What is 4 (base 10) in base 3?
11
What is 435 (base 7) in base 16?
de
2 (base 5) to base 11
2
What is -a3 (base 12) in base 8?
-173
What is -7f (base 16) in base 14?
-91
What is 2 (base 7) in base 15?
2
4 (base 14) to base 2
100
-12 (base 6) to base 7
-11
-1132 (base 6) to base 14
-156
What is 3 (base 6) in base 8?
3
Convert 1 (base 12) to base 9.
1
What is 0 (base 2) in base 6?
0
Convert a (base 14) to base 13.
a
What is 2 (base 3) in base 13?
2
Convert 4 (base 13)